7927)/(-34) + 1/(-2) a composite number?
True
Suppose j - 16 = -5*u - 2, 0 = -5*u - 4*j + 26. Is -212*(10/(-4) + u) composite?
True
Let g(r) be the first derivative of r**2/2 - 3*r + 2. Let l be g(7). Suppose l*w = w + 4*x + 141, 0 = x. Is w composite?
False
Suppose 16 = 2*y + 2*v, -4 = 2*y - 3*v + v. Suppose -y*b - 103 = -892. Is b a composite number?
False
Let i(b) = 136*b + 7. Let y be i(10). Suppose 4*q - 573 = y. Is q a prime number?
False
Let d(j) = -3*j**2 - 4 + 5 - j - 2 - 10*j**3. Is d(-2) a prime number?
False
Let f(x) = -25*x + 1. Suppose 0 = v - 3*i + 7, -5*v + 40 = -v + 5*i. Let t(g) = -g + 3. Let a be t(v). Is f(a) composite?
True
Let x(o) = -450*o - 1. Is x(-9) prime?
True
Let q be (-1832)/(-7) + 6/21. Suppose -102 = 5*w - q. Let u = 27 + w. Is u a prime number?
True
Let x(i) = i**2 - 7*i + 4. Let r be x(5). Let a = r - -10. Suppose -18 = -a*d + 26. Is d prime?
True
Let q = 1082 - 20. Let h = q - 731. Is h a composite number?
False
Let h be (-2)/((0 + 1)*1). Is -1*(-125 + 0) - h composite?
False
Suppose -4*s = 99 - 3523. Is s/12 - 1/3 prime?
True
Let n(c) = c + 355. Is n(0) composite?
True
Let y = 41 + 18. Is y composite?
False
Let d(k) = -44*k - 9. Is d(-5) prime?
True
Let v be 2/7 + (-15)/(-21). Is 1 + (3 - v) + 32 a composite number?
True
Let v = -2365 - -4596. Is v prime?
False
Let q(n) = -n**3 - 14*n**2 - 9*n - 20. Let o be q(-14). Suppose -385 = -3*b - o. Is b composite?
True
Let f(g) = -g**3 + 8*g**2 - 8*g + 9. Let v be f(7). Suppose h - 61 = -v*x - 185, -5*x - 304 = 4*h. Let n = x - -121. Is n a prime number?
False
Let m(s) be the second derivative of 11*s**5/20 - s**4/6 - s**3/3 + 3*s**2/2 - 5*s. Is m(2) composite?
False
Let i = 717 + -346. Is i composite?
True
Let h = 634 + -341. Is h a prime number?
True
Suppose 7*c - 452 = 437. Is c composite?
False
Suppose p - 136 = 2*z - 7*z, 3*p - 3*z - 390 = 0. Is p a composite number?
False
Let o(b) = -2*b + 8. Let g be o(6). Let v(d) = -d**3 + d**2 - 3*d + 1. Let c be v(g). Suppose -3*k - 4*y = 2*k - c, 0 = 4*k - 4*y - 96. Is k composite?
True
Let a(z) = -202*z**3 + 2*z + 1. Let l be a(-1). Is (l/(-6))/((-4)/8) composite?
False
Suppose 2997 = 3*u + 3*h, -3*u + 3*h = 5*h - 3000. Let g = -367 + u. Is g a prime number?
False
Let j be (0 - 1)/1 - -3. Suppose 2*z + 8 = -2*b + 4*b, -4*b - j*z = -10. Is b composite?
False
Let m be 3/6 - (-2325)/(-10). Let z = 711 + m. Is z a composite number?
False
Let m(z) = 1 - 8 - 8 - 11*z. Is m(-6) composite?
True
Let x(i) = i**2 - 2*i - 1. Let q be x(-1). Suppose 0*u - u = -4*g - 73, q*u - 182 = -4*g. Is u composite?
True
Let h(y) = 27*y**2 + 3*y + 2. Let s be h(-2). Let m = -31 + s. Suppose -24 - m = -r. Is r a composite number?
False
Suppose -3*b - 890 = -5*b. Is b prime?
False
Let c = 30 - -14. Suppose -3*a - a + c = 0. Let x = 46 - a. Is x composite?
True
Suppose -5*t = -4*g - 3389, t - 548 = -2*g + 127. Is t a composite number?
False
Let g(b) be the second derivative of b**4/4 - 7*b**3/6 + 9*b**2/2 + 3*b. Is g(-7) a composite number?
True
Let h = 57 + 305. Is h composite?
True
Suppose 9 = 3*v + 2*c, -7*v + 2*v + 15 = -3*c. Let i(u) = 0*u**3 - 1 + u**v + 2*u + 0*u + 2*u**2. Is i(2) a prime number?
True
Let v(b) = 2*b - 10. Let w be v(7). Suppose -3*u - 5*z = -4*z - 290, w*u + 2*z = 390. Is u composite?
True
Let f be (3/2)/(3/(-148)). Let a = f - -219. Is a a composite number?
True
Let c(h) = -3*h**3 + h**2 - h + 17. Is c(-6) a composite number?
True
Let c(t) = 58*t - 7. Is c(11) a composite number?
False
Is 3*(0 - (-118)/6) a composite number?
False
Let r = -76 + 496. Suppose 5*u + r = 1015. Is u composite?
True
Suppose -3*o = 2*g - 16, 3*g = -g + 4*o - 8. Suppose 4*m - g*l = 114, 0 = 4*m - l - 3*l - 104. Is m a composite number?
False
Let t(p) = -5*p + 3. Let v be t(2). Is (-4)/14 - 849/v composite?
True
Let v(p) = -p - 10. Let o be v(-6). Is (-3 - 74*-1) + o a composite number?
False
Suppose 275 = h - 468. Is h a prime number?
True
Suppose 4*d - 3*h = h + 24, -5*d = -2*h - 27. Let l = d + -2. Suppose a - 12 = 5*n + 48, -4*a + 355 = l*n. Is a composite?
True
Let i = 971 + -524. Is i a prime number?
False
Let l = -690 - -1369. Is l composite?
True
Is (-1688)/(-32) + 2/8 a composite number?
False
Let n be (-1 + 0)/(1/27). Suppose 2*y = h + 3*y + 3, 3*h = -y + 1. Is (-951)/n + h/(-9) a prime number?
False
Suppose j - 5*p - 1954 = 0, 4*j - 10058 + 2299 = p. Is j a prime number?
False
Let b = -3 + 2. Let z be ((-15)/(-9))/(b/15). Let g = 62 + z. Is g a prime number?
True
Suppose 8*t - 24 = 2*t. Is -14*(t + (-49)/2) a composite number?
True
Suppose -1 = 3*d + 2*f - 224, -158 = -2*d + f. Is d a composite number?
True
Suppose 23 = 2*w + 5*l, -5*w + l + 41 = -3*l. Let b = 13 - w. Suppose -b*a + 92 = 3*c, 36 = 2*a + 6*c - 2*c. Is a prime?
False
Let x(y) = -y**3 + 7*y**2 - 5*y - 4. Let n be x(6). Suppose -2*l = n*l - 308. Is l a prime number?
False
Let d = 1002 + 1057. Is d composite?
True
Is ((-5)/3 + 2)*5139 - 4 a composite number?
False
Let o(h) = 12*h**2 - 6*h + 1. Suppose -v - 97 = -4*t - t, -5*t + 4*v = -88. Suppose -4*z - t = -2*i, 2*z + z + 9 = 0. Is o(i) a composite number?
True
Let b = -7 - -39. Let v = b - 19. Is v a composite number?
False
Let h = -581 - -816. Is h prime?
False
Let j = -227 - -444. Is j a prime number?
False
Let p = 8 - 6. Let t = -83 - -220. Suppose -4*s + f - 2*f + 190 = 0, t = 3*s - p*f. Is s prime?
True
Let h(i) = -i**3 + 24*i**2 + 19*i - 19. Is h(18) composite?
False
Let b(i) = -40*i**3 - i**2 + i + 2. Let s be 4/(-3)*6/4. Let f be b(s). Is (-1*1)/((-4)/f) a composite number?
False
Suppose 0 = -6*t - 0*t + 522. Is t composite?
True
Let a(o) = 26*o**3 + 5*o**2 + 5*o - 3. Is a(5) a prime number?
False
Let f(t) = t**3 + 17*t**2 - 15*t + 10. Is f(-17) prime?
False
Let r = -1 + 212. Suppose 5*u = -r - 49. Let q = 129 + u. Is q prime?
False
Let x be 1*(-2 - (0 + -5)). Suppose x*v - 4 = -1. Is 3/3*127*v a prime number?
True
Let c(s) = -4*s + 5. Let n = -17 + 6. Is c(n) a composite number?
True
Let i(h) = -17*h - 5. Let n be i(7). Is (n/(-10))/(6/15) a prime number?
True
Let o = 6 + -8. Is (11/2)/(o/(-92)) composite?
True
Suppose 2*z + 0*z = 2*t - 1378, 2*z - 1378 = -2*t. Is t a prime number?
False
Let y = 588 - 1024. Let m = 627 + y. Is m prime?
True
Let j = 127 - 84. Is j + (-1)/1 + 1 a composite number?
False
Suppose 2*q - g - 2 + 1 = 0, 4 = -q - 4*g. Suppose q*z + z = 5. Suppose 0 = z*p + 210 - 805. Is p prime?
False
Let f(u) = u**3 - 3*u**2 - 9*u + 5. Let s be f(6). Suppose s = 2*g - g. Is g a composite number?
False
Let w(n) = -n. Let f be w(-5). Is (f*-16)/(-1) - -3 composite?
False
Let o(a) = -a**2 - 3*a + 5. Let w be o(-4). Let l be 1*(0 + w)*31. Suppose -37 - l = -2*p. Is p a prime number?
False
Suppose 7*q - 6*q - 685 = 0. Is q prime?
False
Let r(s) = 293*s + 1. Is r(2) a composite number?
False
Let q = -2 - -9. Is q a composite number?
False
Let d(j) = -3*j - 327. Let t(h) = -2*h - 164. Let p(s) = -3*d(s) + 5*t(s). Is p(0) prime?
False
Let d = 111 + 37. Let r = -69 + d. Is r prime?
True
Let k(s) = s - s - 9 - 3*s. Let f be k(-7). Suppose -2*v + f = -6. Is v prime?
False
Let t(q) = -2*q**3 - 12*q**2 - q - 2. Is t(-9) composite?
True
Suppose 2*s + 31 = -3*s + 3*c, 0 = -3*s + c - 21. Let q = s - -19. Is q prime?
True
Suppose -3*j + 6*j - 6 = 0. Let w = j - -1. Suppose -d + 735 = 7*k - w*k, 4*k = -4*d + 720. Is k a prime number?
False
Let y(s) = -2*s - 6. Let k(j) = -5*j**2 + 1. Let u be k(-1). Let f be y(u). Suppose -3*p = 5*h - 180, 2*p + 2*p - f*h - 214 = 0. Is p composite?
True
Let u be (66/(-8))/((-2)/(-8)). Let a = u - 25. Let o = 107 + a. Is o a prime number?
False
Suppose x - 47 = -12. Let o = -22 + x. Is o a composite number?
False
Let x be (118/4)/((-2)/4). Suppose 6 = -2*y, 0*f + f + 7 = -5*y. Let s = f - x. Is s a prime number?
True
Suppose -m = 2*s - 4*s + 83, -4*s = -3*m - 245. Let r = m - -224. Is r a composite number?
True
Let b be 4/6 - (-16)/(-6). Let p be ((b + 2)*-1)/(-2). Suppose 3*s + 4*u - 12 = -s, 3*s - 5*u - 33 = p. Is s a prime number?
False
Let s(o) = 42*o - 1. Let r be s(2). Suppose 4*d = r + 65. Is d composite?
False
Let k(b) = -b + 5. Let x be 2 + -1 + (0 - -2). Let d be k(x). Suppose 4*o = 7*u - d*u - 131, -2*o = 8. Is u a composite number?
False
Let q(b) = -128*b + 2. Let j(i) = 1. 